
17
Let z(r) = -17*r - 20. What is z(-2)?
14
Let s(m) = m - 8. Give s(12).
4
Let h(c) = -4*c - 19. What is h(-7)?
9
Let u(w) = w**3 - 2*w**2 - 3*w - 25. Give u(4).
-5
Let n(p) = -13*p - 10. Give n(-3).
29
Let k(p) = -p**2 - 7*p + 11. Give k(-8).
3
Let z(c) = 12*c**2 + 28*c - 30. Calculate z(1).
10
Let w(v) = v**2 + 54*v - 299. Give w(-59).
-4
Let m(u) = -u**3 + 17*u**2 - 32*u + 8. Determine m(15).
-22
Let g(m) = m**2 + 3*m + 3. What is g(5)?
43
Let f(h) = 2*h**2 + 4*h - 4. Calculate f(-3).
2
Let s(d) = 2*d**2 + 25*d - 13. Determine s(-13).
0
Let k(s) = -s + 12. Determine k(15).
-3
Let l(q) = -q**2 + 2*q + 58. Calculate l(-7).
-5
Let y(s) = -s**3 + 7*s**2 - 3*s - 24. Calculate y(5).
11
Let b(g) = -g**3 + 30*g**2 + 51*g + 412. What is b(32)?
-4
Let u(s) = -6*s**3 - s**2 + 3*s - 3. Determine u(2).
-49
Let w(c) = 4*c + 3. What is w(-3)?
-9
Let j(f) = f**2 - 13*f + 1. Calculate j(14).
15
Let i(k) = 2*k**2 + 2*k - 3. Determine i(-4).
21
Let q(u) = -100*u**2 - u + 1. Determine q(-1).
-98
Let k(m) = 8*m + 365. Calculate k(-45).
5
Let f(s) = 7*s + 454. Determine f(-65).
-1
Let q(a) = a**3 - a**2. What is q(2)?
4
Let y(z) = z + 14. Calculate y(-10).
4
Let x(m) = 7*m + 407. Give x(-59).
-6
Let y(b) = 4*b + 1. Calculate y(1).
5
Let h(w) = w**2 - 6*w + 11. Determine h(6).
11
Let z(n) = n**3 - 11*n**2 + 2*n + 6. What is z(11)?
28
Let f(g) = -2*g**2 - 2*g + 4. Give f(-3).
-8
Let h(l) = l**3 + 16*l**2 + 2*l + 26. Determine h(-16).
-6
Let d(u) = -u**3 + 10*u**2 - 3*u + 3. Calculate d(10).
-27
Let w(l) = 17*l**2 - l - 1. What is w(1)?
15
Let l(x) = x + 11. Determine l(-10).
1
Let j(g) = -9*g**2 - 2*g - 2. What is j(-1)?
-9
Let j(g) = -g**3 - 21*g**2 - 2*g - 37. Calculate j(-21).
5
Let x(l) = 3*l**2 - 26*l - 13. Calculate x(10).
27
Let j(p) = -p**3 + 16*p**2 + 9. Calculate j(16).
9
Let w(t) = 2*t**2 + t - 1. Give w(-6).
65
Let l(z) = z**3 - z**2 - 3*z + 1. Calculate l(3).
10
Let d(u) = 12*u - 6. Calculate d(4).
42
Let k(c) = -c**2 + 22*c - 94. What is k(16)?
2
Let n(t) = t**3 + 12*t**2 + 4*t + 29. What is n(-12)?
-19
Let w(h) = -h**3 + 31*h**2 + 6*h - 192. What is w(31)?
-6
Let j(c) = c**3 - 15*c**2 + 7*c - 99. Give j(15).
6
Let w(l) = l**3 - 11*l**2 - 2*l + 11. Determine w(11).
-11
Let x(n) = -n**3 - 8*n**2 - 4*n + 9. Give x(-7).
-12
Let x(a) = -2*a**3 + a**2 + 2*a - 4. What is x(-2)?
12
Let r(z) = -z**3 + 12*z**2 - 9*z - 22. What is r(11)?
0
Let i(t) = t**2 + t + 1. Determine i(-3).
7
Let n(r) = -r**3 + 6*r**2 + 27*r + 2. Calculate n(9).
2
Let y(w) = -w**3 - 8*w**2 + 9*w + 9. Give y(-9).
9
Let p(n) = -22*n**2. Determine p(1).
-22
Let z(y) = -y**3 + 5*y**2 + 8*y - 15. What is z(6)?
-3
Let n(c) = 4*c - 38. Calculate n(16).
26
Let x(l) = l**2 + 10*l - 27. Determine x(-12).
-3
Let b(o) = -o**3 - 15*o**2 - 13*o + 17. Give b(-14).
3
Let z(i) = 6*i**2 - 7*i - 8. What is z(-1)?
5
Let x(y) = -5*y + 20. Determine x(4).
0
Let w(g) = -40*g - 4. Determine w(-1).
36
Let w(f) = -f**3 + 8*f**2 + f + 9. Determine w(8).
17
Let y(f) = f**3 + 8*f**2 + 12*f - 3. Give y(-7).
-38
Let g(z) = 6*z - 93. What is g(16)?
3
Let s(t) = -t**3 + 6*t**2 + 14*t + 6. Calculate s(8).
-10
Let i(s) = -s**2 + 31*s - 49. Calculate i(29).
9
Let o(z) = -z**3 - 13*z**2 - 47*z + 2. Give o(-6).
32
Let x(m) = -7*m - 30. What is x(-2)?
-16
Let q(s) = s**3 + 7*s**2 + 3*s + 5. Determine q(-7).
-16
Let l(z) = -12*z**3 + z**2 - 2*z + 2. Give l(1).
-11
Let z(t) = -3*t + 50. Determine z(14).
8
Let g(s) = -2*s**2 + 13*s + 16. Determine g(-5).
-99
Let x(o) = -o**2 + 11*o - 13. Determine x(12).
-25
Let t(l) = -l**3 + 2*l**2 + l. Calculate t(-1).
2
Let j(i) = i**3 + 3*i**2 - 2. Determine j(-4).
-18
Let o(z) = z**2 - 30*z + 11. Give o(30).
11
Let a(j) = j**3 - 4*j**2 - 4*j - 11. Determine a(5).
-6
Let f(p) = p**3 + 2*p**2 + p + 3. What is f(-3)?
-9
Let h(q) = -q**3 + 2*q**2 + 3*q - 2. What is h(3)?
-2
Let k(i) = -i**3 - 7*i**2 - 5*i + 3. Give k(-6).
-3
Let z(s) = -6*s**3 + s**2 + s - 1. What is z(-2)?
49
Let t(l) = l**2 + 11*l + 9. What is t(-9)?
-9
Let f(s) = -5*s**2 - 2. Calculate f(-2).
-22
Let y(q) = 3*q**2 + 34*q + 83. Calculate y(-3).
8
Let y(r) = r**3 - 21*r**2 + 20*r - 20. Calculate y(20).
-20
Let c(s) = 2*s**2 + 34*s - 78. What is c(-20)?
42
Let f(o) = o**3 + 5*o**2 - 20*o + 6. What is f(-8)?
-26
Let o(m) = m**2 + 13*m + 38. Determine o(-4).
2
Let t(k) = -k**3 - 14*k**2 - 12*k - 13. Give t(-13).
-26
Let b(t) = t**2 - 7*t - 35. What is b(11)?
9
Let r(i) = 8*i**3 - i**2. Calculate r(1).
7
Let u(w) = w**2 - 5*w - 5. Determine u(-2).
9
Let s(g) = 2*g**3 + 3*g**2 + 5*g + 2. Give s(-2).
-12
Let l(v) = -2*v - 5. What is l(-2)?
-1
Let o(w) = -w**2 + 2*w + 1. Determine o(4).
-7
Let c(d) = 7*d - 86. What is c(20)?
54
Let p(o) = o**3 - 20*o**2 + o - 29. Calculate p(20).
-9
Let a(n) = -n**2 - 2*n + 9. What is a(-4)?
1
Let n(a) = -6*a - 8. Determine n(9).
-62
Let u(q) = q**3 - 2*q + 1. Calculate u(-4).
-55
Let u(n) = -n**2 + 13*n - 2. Determine u(8).
38
Let u(g) = -g**2 + 32*g + 89. Calculate u(29).
176
Let v(t) = -2*t**3 - 13*t**2 + 11*t + 21. What is v(-7)?
-7
Let v(z) = z**3 - 2*z**2 - 17*z + 8. Determine v(5).
-2
Let p(i) = i**3 + i**2 + 2*i + 52. What is p(0)?
52
Let y(z) = -9*z - 1. Give y(1).
-10
Let t(u) = -14*u - 11. Determine t(-1).
3
Let f(h) = 2*h**2 - 8*h + 11. Give f(6).
35
Let k(c) = -4*c + 4. Determine k(1).
0
Let n(l) = -l**2 - 2. What is n(-2)?
-6
Let r(g) = g**3 + 2*g**2 - 26*g - 17. Give r(-6).
-5
Let d(w) = 3*w**2 + 17*w + 10. Determine d(-7).
38
Let h(z) = 4*z**2 - 7*z - 12. Give h(-6).
174
Let v(c) = -11*c - 50. Give v(-6).
16
Let f(p) = p**3 - 4*p**2 - 8*p + 6. What is f(5)?
-9
Let n(i) = i**2 - 12*i + 10. Calculate n(11).
-1
Let g(t) = 4*t - 35. Determine g(10).
5
Let o(n) = n. What is o(5)?
5
Let l(v) = 2*v - 1. Calculate l(-1).
-3
Let q(c) = c**2 - 11*c + 20. Calculate q(8).
-4
Let h(r) = r. What is h(4)?
4
Let q(z) = z**2 - 3*z - 2. Determine q(4).
2
Let g(w) = -2*w**3 - 5*w**2 + 1. Give g(-4).
49
Let x(a) = a**2 + 17*a + 7. What is x(-9)?
-65
Let a(x) = 2*x + 15. Calculate a(-5).
5
Let m(z) = -z**3 - z**2 + 8*z + 7. Give m(-3).
1
Let p(q) = -9*q - 41. Calculate p(-3).
-14
Let v(d) = d**3 - 7*d**2 + 8*d - 5. What is v(6)?
7
Let g(j) = -j**2 + 8*j. Give g(11).
-33
Let z(n) = n**3 + 25*n**2 - 23*n + 63. Calculate z(-26).
-15
Let j(p) = -p**2 - 9*p + 3. What is j(-10)?
-7
Let p(t) = t**2 - 21*t - 39. Determine p(-2).
7
Let d(w) = w - 17. What is d(16)?
-1
Let t(m) = -3*m**2 + 19*m - 2. What is t(6)?
4
Let k(u) = 7*u + 1. What is k(4)?
29
Let b(c) = -c**3 - 5*c**2 + 7*c + 16. What is b(-5)?
-19
Let a(w) = -w**2 - 4*w - 3. Determine a(-3).
0
Let c(v) = -v**2 + 7*v - 5. Give c(2).
5
Let w(m) = -m + 7. Calculate w(-4).
11
Let a(f) = 2*f + 15. What is a(4)?
23
Let s(w) = w**3 - 21*w**2 + 20*w - 3. Give s(20).
-3
Let t(z) = -z**2 - 6*z - 10. Give t(-8).
-26
Let g(m) = m**3 - 5*m**2 - 13*m - 11. Calculate g(7).
-4
Let f(z) = -2*z - 24. Determine f(-15).
6
Let s(m) = m**3 - 2*m**2 + 2*m + 7. Calculate s(0).
7
Let r(i) = -13*i - 8. Determine r(-7).
83
Let f(y) = 12*y - 6. Calculate f(4).
42
Let n(q) = -q**2 + 12*q + 41. Give n(21).
-148
Let v(m) = 2*m + 20. What is v(-14)?
-8
Let x(f) = -58*f + 367. Determine x(6).
19
Let r(q) = -2*q**2 - 4*q. Calculate r(0).
0
Let w(y) = y + 17. Determine w(-12).
5
Let r(u) = 3*u + 32. Determine r(-7).
11
Let r(q) = -21*q - 81. What is r(-3)?
-18
Let r(c) = c**2 + 4*c + 31. Calculate r(-6).
43
Let a(q) = 2*q**3 - 6*q**2 + 4. Determine a(4).
36
Let r(w) = -18*w + 7. What is r(3)?
-47
Let b(n) = n**3 - 17*n**2 - 4*n + 57. Determine b(17).
-11
Let j(x) = 8*x + 37. Give j(-6).
-11
Let l(x) = x**2 - 5*x - 25. What is l(8)?
-1
Let c(g) = g - 3. Calculate c(2).
-1
Let h(w) = 3*w**2 + 11*w - 17. Give h(-6).
25
Let o(h) = h**3 + 7*h**2 - 8*h - 10. Calculate o(-8).
-10
Let a(u) = -2*u**2 + 8*u - 12. Give a(5).
-22
Let r(b) = -b**2 + 7*b + 14. What is r(8)?
6
Let s(u) = -3*u + 4. Determine s(6).
-14
Let f(t) = t**2 - 11*t - 75. Give f(16).
5
Let r(u) = -2*u**2 - 14*u + 392. What is r(-18)?
-4
Let h(s) = -13*s + 1. What is h(2)?
-25
Let j(v) = 8*v - 1. Determine j(4).
31
Let r(a) = -15*a - 22. What is r(-3)?
23
Let p(d) = 85*d + 248. Determine p(-3).
-7
Let p(k) = -k**3 + 9*k**2 - 6*k - 13. Give p(8).
3
Let x(v) = -6*v - 39. What is x(-12)?
33
Let y(s) = -s**3 + 5*s**2 - s - 4. 